4 - 7*h**3/3 - 4*h**2 - 4*h + 120. Determine v(8).
-4
Let g(f) be the second derivative of -f**3/2 + f**2/2 + 2*f + 5. Give g(2).
-5
Let s = 6 + -3. Let n(k) = 16*k**3 - 11*k**3 + 1 + s*k**2 - k - 6*k**3. Determine n(2).
3
Let m(u) = -2*u**2 - 198*u + 204*u + 2 + 5*u**2. Calculate m(-4).
26
Let w(g) = 13*g + 37. Let o be w(7). Let y(r) = o*r**2 - 5 - 62*r**2 + 6*r - 67*r**2. Suppose 5*h = -0*h + 2*n + 19, 5*n = -3*h + 30. Give y(h).
0
Let o(d) be the second derivative of -d**3/3 - d**2 - 50*d - 3. Give o(-10).
18
Let w(t) be the third derivative of t**6/360 + t**5/24 - t**4/12 + 11*t**3/6 - 2*t**2. Let n(i) be the first derivative of w(i). Determine n(-7).
12
Let l = 38 - 72. Let g be (l - -30) + 8 + (2 - 1). Let u(i) = -i**2 + 6*i - 1. Determine u(g).
4
Suppose 26*b + 7*b = -165. Let c(w) = 2*w + 6. Give c(b).
-4
Let q(d) = 6*d**3 + 15*d**2 + 4*d - 4. Let x(o) = 14*o**3 + 30*o**2 + 7*o - 8. Let r(i) = -5*q(i) + 2*x(i). Give r(-7).
-3
Let z(v) = v**3 - v**2 + 2*v. Let d(g) = -g**2 + 9*g - 17. Let u be d(7). Let o(s) = 3*s**2 + 9*s + 3. Let l be o(u). Calculate z(l).
24
Let g(h) = -14*h - 14. Let x(u) = -5*u - 5. Let r(f) = -6*g(f) + 17*x(f). Let i be (-184)/(-40) + 4/10. Suppose 4*b + i*t = 26, 2*b = 4*t - t + 2. Give r(b).
-5
Let f be (-30)/(-2) - 3/(-12)*-4. Let r(g) = g**2 + 17*g - f*g - 2 + 0*g**2. Suppose -4*j + 3*l = -2*l + 30, 0 = 2*j - 2*l + 14. What is r(j)?
8
Let o(w) = w**2 - 4*w + 3. Let m = 51 - 29. Suppose i + i - m = 0. Let k be (-460)/(-110) + (-2)/i. What is o(k)?
3
Let q(m) = 5*m - 22. Let d(b) = 2*b - 11. Let f(k) = -9*d(k) + 4*q(k). Calculate f(-9).
-7
Let m(t) = 12*t - 37. Let i(w) = 33*w - 109. Let k(d) = -6*i(d) + 17*m(d). Give k(-7).
-17
Let p(t) be the third derivative of -t**6/120 + t**5/12 - t**4/24 - 5*t**3/6 + 343*t**2. Determine p(4).
7
Let q(z) = z - 15. Let p be 6/(-36)*20*(-72)/(-20). Give q(p).
-27
Let d(s) = -s + 1. Let a be 2/1 - 4 - 3. Let y be d(a). Suppose 3*c + 2*c = -j - y, -3*c = 5*j + 8. Let f(z) = -2*z. Determine f(c).
2
Let h = -15 + 15. Suppose -6*j + 5*j = h. Let m(c) = c**2 + j*c**2 - 6 - 2*c - 3*c. Calculate m(6).
0
Let r = 18 - 16. Let d(x) = -3*x**r + 2*x**2 + 9*x - 9 + 4. Give d(8).
3
Let y(a) be the first derivative of a**3/3 + 2*a**2 + 52. What is y(-4)?
0
Let u(s) = 2*s**2 - 10 - 9*s - s**2 + 15 - 18. Determine u(10).
-3
Let x(p) = -3*p - 3. Let d = 66 + -63. Let a be (-5 + d)*9/6. What is x(a)?
6
Let d be ((-24)/36)/((-2)/6). Let t(x) = 0*x - d*x + 838 + 3*x - 845. Give t(7).
0
Let v(s) = 7*s**2 - s + 8. Let c(l) = -13*l**2 + 2*l - 14. Let z(j) = 6*c(j) + 11*v(j). Calculate z(-4).
-16
Let f(n) = 3*n - 13. Let b(g) = -12*g**2 + 132*g + 6. Let c be b(11). What is f(c)?
5
Let i(p) = -5 - p**3 + 2*p**3 + 6*p**2 + 2*p - 3*p + 5*p. What is i(-4)?
11
Let c(w) be the first derivative of -w**2 - 9*w + 761. Suppose 5*u - 11 - 4 = 0. Suppose -2*d - 35 = u*d. Calculate c(d).
5
Suppose -4*u - 120 = -2*x, -4*x - 144 = 119*u - 115*u. Let b(r) = -r**2 - 33*r - 26. What is b(u)?
6
Let x = -25 + 27. Let l(y) = 0*y**2 - 2*y + 2*y**x + 22 - 27 - y**2. Let a be (-2 - -6)*1/1. Give l(a).
3
Let w(i) = -6*i**2 + 126*i**3 - 3*i + 9*i - 125*i**3 - 27 + 23. Suppose 9 = 3*p - 3. Determine w(p).
-12
Let w be 3 - 1 - (-5 + 3 - 2). Let p(s) = s**2 - 6*s + 3. Determine p(w).
3
Let y = 73 + -79. Let j be 36/y - 2*(-4 - -2). Let k(w) = 3*w - 1. Determine k(j).
-7
Suppose 25 = 4*l - 3. Suppose -4*r = -l - 1. Let q(u) = r*u**2 + 24 - u**2 - 22 + 2*u. Give q(-2).
2
Let b(o) = 4*o**3 - 2*o**2 - 2*o + 1. Let l(u) = u**3 + u**2 + u + 1. Let q(r) = b(r) - 3*l(r). What is q(6)?
4
Let a(c) = c**2 + 6*c + 6. Let j be a(-4). Let p be ((-10)/3)/(2/(-6)*j). Let g(u) = -u**3 - 5*u**2 + 2*u + 1. Determine g(p).
-9
Let b(r) = -r**3 - r**2 - 2*r + 5. Let u be b(0). Suppose 0 = 3*i + 1 + u. Let y(l) = -l - 3. Let a be y(i). Let j(k) = -4*k**3 - 2*k - 1. Give j(a).
5
Let y(v) = -v**2 - 6*v - 6. Let k = 15 + -14. Let h be (-3 + k - (-9)/3) + -5. Determine y(h).
2
Let s(y) = 39*y + 24. Let c(m) = 2*m + 1. Let d(u) = 21*c(u) - s(u). Determine d(4).
9
Let d(m) = -2*m. Let h(s) = s**3 + 9*s**2 + s + 8. Let c be h(-9). Let q(y) = -3*y**3 - 1. Let v be q(c). Suppose -f + v = 5. Give d(f).
6
Let r(t) = 9 + 1 - 8*t + 16*t - 2*t - 7*t. Let c be (14/6)/((-2)/(-30)). Suppose 0*j - 2*z - 19 = -5*j, 0 = 4*j + 5*z - c. Calculate r(j).
5
Let x be (3/(-9))/(23/12 + -2). Suppose -y + x*p = 5, -y - 2*p = -3*y + 2. Let v(u) = 3*u - 4. What is v(y)?
5
Suppose -2*z = z + 6. Let g(o) = -2*o - 69 + 8*o**3 + 66 - 11*o**3 - o**2. Calculate g(z).
21
Let y(x) be the first derivative of -x**3/3 - x**2/2 + 14*x + 1. Let v be 1 - 4 - (11 - 14). Determine y(v).
14
Let n be 30/(-135) - 128/(-9). Let y = 17 - n. Let t(o) = -o**3 - 2 - 5*o + 7*o + 2*o + 2*o**2. What is t(y)?
1
Let l = -999 - -987. Let c(u) = -u + 3. Calculate c(l).
15
Let r(q) = -q + 9. Let s(i) = -i + 5. Let g(l) = 2*r(l) - 5*s(l). Let d be g(3). Let w(y) = -4 - 3 + d*y**2 + 4 - y**3 + 4*y. Give w(2).
5
Let q(x) = 27 - 82 + 22 + 26 + 4*x. Calculate q(-5).
-27
Let w(h) be the third derivative of h**6/120 + h**5/60 - h**4/4 - h**3/2 - 605*h**2 - 2*h. What is w(-4)?
-27
Let b(p) = -4*p**3 + p**2 + 4*p + 8. Let s(y) = -3*y**3 + y**2 + 3*y + 8. Let g(j) = -2*b(j) + 3*s(j). Let d(i) = -i**2 + i + 2. Let x be d(-1). Calculate g(x).
8
Let r be -3*(0 + 0 + -1). Let h = 37 + -41. Let u be 2 + h - (-2 + r). Let s(f) = 2*f**2 + 3*f + 4. Give s(u).
13
Let l(p) = 8*p - 3. Suppose -r = -u - 1, 4*u - 136 = -132. Calculate l(r).
13
Suppose -3*p + 2*g = -0*g + 2, -p = g - 6. Suppose -p = o - 10. Let c(a) = o*a - 4 + 2 - 7*a + a. Calculate c(-6).
-14
Let q(x) = -2*x**2 + 26 - 46 + 24 + x. Give q(3).
-11
Let n(s) = 1 - 11*s - 2 + 4*s. Let z(y) = 25*y + 9. Let a be z(-8). Let f = -190 - a. Determine n(f).
-8
Let f(x) = 6*x + 2. Let w(m) = -3*m - 1. Let q(g) = 3*f(g) + 5*w(g). Let o(c) = -c**3 - 11*c**2 + 28*c - 3. Let i be o(2). What is q(i)?
4
Let m(n) be the third derivative of n**6/120 + n**5/10 + n**4/24 + 7*n**3/6 + 58*n**2. What is m(-6)?
1
Let f(w) = w**3 - 10*w**2 + 8*w + 8. Let o = -188 - -197. Calculate f(o).
-1
Let q(r) = 2*r - 4*r**3 - 2 - r**2 + 1 - 2 + 3*r**3. Calculate q(0).
-3
Suppose -39 = -4*t + 8*t + 3*x, -3 = -2*t + 3*x. Let c(d) = 2*d**2 + 11*d - 12. What is c(t)?
-6
Let a(w) be the third derivative of -w**4/6 + 175*w**2. Give a(0).
0
Let u be (18/27)/((-4)/(-90)). Let b = u - 11. Let v(z) = 0 + b - 4*z + 0 - 2. Determine v(-3).
14
Suppose 0 = -z - 5*n + 29, 24 = z + 3*n + n. Suppose -k + 125 = z*k. Suppose 5*t + 10 = k. Let y(w) = -w**3 + 3*w**2 + w - 1. What is y(t)?
2
Let y(v) = -v**3 - v**2 - v + 2. Let o be y(0). Suppose -5*a = -5*f - 55, 4*f - o*a - 5 = -39. Let d(j) = -j - 5. Calculate d(f).
1
Let b(w) be the second derivative of w**3/6 + 41*w**2/2 - 31*w - 2. What is b(-18)?
23
Let c(d) = 16*d - 1 - 3*d - d. Suppose -71*u - 78 + 7 = 0. Give c(u).
-13
Let l(g) = -16*g**3 - 4*g**2 + 2*g + 9. Let j(u) = 8*u**3 + 2*u**2 - u - 4. Let d(p) = -9*j(p) - 4*l(p). Give d(1).
-9
Suppose -2*i + 2*y - 31 = 25, 0 = 5*i + 5*y + 110. Let v = i - -30. Let j(w) = -6*w**2 - 4*w + 4*w**3 - 3*w**3 + 2*w**2 - 5. Give j(v).
0
Let n(v) = 6*v**2 - 5*v + 7. Let d be n(2). Let h(j) = -5*j + d - 21. Give h(1).
-5
Let u(d) = -d - 4. Suppose 11 = -0*z + z. Let k(p) = 3*p + 11. Let w(q) = z*u(q) + 4*k(q). Calculate w(0).
0
Suppose -k + 39 = 3*j, 4*k - 5*j - 59 = 97. Suppose -14*g = -g - k. Let v(h) = 4*h - 1. Determine v(g).
11
Let u(o) = 2*o + 23. Let r(n) = n + 11. Let i(k) = 9*r(k) - 4*u(k). What is i(0)?
7
Let o(x) = 2*x**3 - 5*x**2 + 4*x + 1. Let d be o(2). Suppose -d*c = -0*c + 25, 2*w = -5*c - 17. Let s(y) = y**3 - 3*y**2 - 6*y + 4. Give s(w).
-4
Let n(r) = r**2 - r. Let h be (-19)/(-4) - (-7)/28. Let w(t) be the third derivative of t**5/30 - t**4/12 + t**2. Let y(p) = h*n(p) - 2*w(p). Give y(3).
6
Let s(p) = -3*p**2 - 11*p - 11. Let x(k) = -2*k**2 - 5*k - 2. Let v(h) = s(h) - 3*x(h). Give v(-5).
50
Let f = -377 + 372. Let g(z) = -3*z - 4. What is g(f)?
11
Suppose 0*o = -o + 7. Let x(t) = -97 + 200 + 9*t - 96 + 6*t**2 - t**3. Calculate x(o).
21
Let v(l) = -64 - 3*l**3 + 56 + 2*l**3 - 17*l + 16*l. What is v(0)?
-8
Let o(h) = h**3 - 4*h**2 - 4*h - 1. Let b(t) = -2*t**2 - 57*t - 23. Let c be b(-28). Calculate o(c).
4
Supp